{"id":612,"date":"2024-02-06T13:41:09","date_gmt":"2024-02-06T13:41:09","guid":{"rendered":"https:\/\/przewodnikpoatenach.com\/?page_id=612"},"modified":"2024-04-02T18:06:00","modified_gmt":"2024-04-02T18:06:00","slug":"greckie-wino","status":"publish","type":"page","link":"https:\/\/przewodnikpoatenach.com\/index.php\/greckie-wino\/","title":{"rendered":"Greckie wino"},"content":{"rendered":"\t\t<div data-elementor-type=\"wp-page\" data-elementor-id=\"612\" class=\"elementor elementor-612\">\n\t\t\t\t\t\t\t\t\t<section class=\"elementor-section elementor-top-section elementor-element elementor-element-34ce0cc3 elementor-section-content-middle elementor-section-stretched elementor-section-full_width elementor-section-height-default elementor-section-height-default\" data-id=\"34ce0cc3\" data-element_type=\"section\" data-settings=\"{&quot;background_background&quot;:&quot;classic&quot;,&quot;stretch_section&quot;:&quot;section-stretched&quot;}\">\n\t\t\t\t\t\t<div class=\"elementor-container elementor-column-gap-no\">\n\t\t\t\t\t<div class=\"elementor-column elementor-col-100 elementor-top-column elementor-element elementor-element-41d1fe9f\" data-id=\"41d1fe9f\" data-element_type=\"column\" data-settings=\"{&quot;background_background&quot;:&quot;classic&quot;}\">\n\t\t\t<div class=\"elementor-widget-wrap elementor-element-populated\">\n\t\t\t\t\t\t\t\t<div class=\"elementor-element elementor-element-3d722e97 elementor-widget elementor-widget-image\" data-id=\"3d722e97\" data-element_type=\"widget\" data-widget_type=\"image.default\">\n\t\t\t\t<div class=\"elementor-widget-container\">\n\t\t\t<style>\/*! elementor - v3.18.0 - 20-12-2023 *\/\n.elementor-widget-image{text-align:center}.elementor-widget-image a{display:inline-block}.elementor-widget-image a img[src$=\".svg\"]{width:48px}.elementor-widget-image img{vertical-align:middle;display:inline-block}<\/style>\t\t\t\t\t\t\t\t\t\t\t\t<img decoding=\"async\" src=\"https:\/\/przewodnikpoatenach.com\/wp-content\/uploads\/elementor\/thumbs\/iStock-1085730030-qlldozjqrjunkjmf7r5329816r5zhpagau2h9xav00.jpg\" title=\"Wine glasses on a roof top in Athens, Greece. View of the Acropolis.\" alt=\"Glasses of wine with a view of the Acropolis in Athens, Greece. Red and white wine. Wide angle close up.\" loading=\"lazy\" \/>\t\t\t\t\t\t\t\t\t\t\t\t\t\t\t<\/div>\n\t\t\t\t<\/div>\n\t\t\t\t<section class=\"elementor-section elementor-inner-section elementor-element elementor-element-28cbc499 elementor-section-boxed elementor-section-height-default elementor-section-height-default\" data-id=\"28cbc499\" data-element_type=\"section\">\n\t\t\t\t\t\t<div class=\"elementor-container elementor-column-gap-wider\">\n\t\t\t\t\t<div class=\"elementor-column elementor-col-100 elementor-inner-column elementor-element elementor-element-756222b1\" data-id=\"756222b1\" data-element_type=\"column\" data-settings=\"{&quot;background_background&quot;:&quot;classic&quot;}\">\n\t\t\t<div class=\"elementor-widget-wrap elementor-element-populated\">\n\t\t\t\t\t\t\t\t<div class=\"elementor-element elementor-element-4477ee51 elementor-invisible elementor-widget elementor-widget-heading\" data-id=\"4477ee51\" data-element_type=\"widget\" data-settings=\"{&quot;_animation&quot;:&quot;fadeIn&quot;}\" data-widget_type=\"heading.default\">\n\t\t\t\t<div class=\"elementor-widget-container\">\n\t\t\t<style>\/*! elementor - v3.18.0 - 20-12-2023 *\/\n.elementor-heading-title{padding:0;margin:0;line-height:1}.elementor-widget-heading .elementor-heading-title[class*=elementor-size-]>a{color:inherit;font-size:inherit;line-height:inherit}.elementor-widget-heading .elementor-heading-title.elementor-size-small{font-size:15px}.elementor-widget-heading .elementor-heading-title.elementor-size-medium{font-size:19px}.elementor-widget-heading .elementor-heading-title.elementor-size-large{font-size:29px}.elementor-widget-heading .elementor-heading-title.elementor-size-xl{font-size:39px}.elementor-widget-heading .elementor-heading-title.elementor-size-xxl{font-size:59px}<\/style><h2 class=\"elementor-heading-title elementor-size-xxl\">Greckie wino<\/h2>\t\t<\/div>\n\t\t\t\t<\/div>\n\t\t\t\t<div class=\"elementor-element elementor-element-40c28567 elementor-widget-divider--view-line elementor-invisible elementor-widget elementor-widget-divider\" data-id=\"40c28567\" data-element_type=\"widget\" data-settings=\"{&quot;_animation&quot;:&quot;fadeInUp&quot;}\" data-widget_type=\"divider.default\">\n\t\t\t\t<div class=\"elementor-widget-container\">\n\t\t\t<style>\/*! elementor - v3.18.0 - 20-12-2023 *\/\n.elementor-widget-divider{--divider-border-style:none;--divider-border-width:1px;--divider-color:#0c0d0e;--divider-icon-size:20px;--divider-element-spacing:10px;--divider-pattern-height:24px;--divider-pattern-size:20px;--divider-pattern-url:none;--divider-pattern-repeat:repeat-x}.elementor-widget-divider .elementor-divider{display:flex}.elementor-widget-divider .elementor-divider__text{font-size:15px;line-height:1;max-width:95%}.elementor-widget-divider .elementor-divider__element{margin:0 var(--divider-element-spacing);flex-shrink:0}.elementor-widget-divider .elementor-icon{font-size:var(--divider-icon-size)}.elementor-widget-divider .elementor-divider-separator{display:flex;margin:0;direction:ltr}.elementor-widget-divider--view-line_icon .elementor-divider-separator,.elementor-widget-divider--view-line_text .elementor-divider-separator{align-items:center}.elementor-widget-divider--view-line_icon .elementor-divider-separator:after,.elementor-widget-divider--view-line_icon .elementor-divider-separator:before,.elementor-widget-divider--view-line_text .elementor-divider-separator:after,.elementor-widget-divider--view-line_text .elementor-divider-separator:before{display:block;content:\"\";border-bottom:0;flex-grow:1;border-top:var(--divider-border-width) var(--divider-border-style) var(--divider-color)}.elementor-widget-divider--element-align-left .elementor-divider .elementor-divider-separator>.elementor-divider__svg:first-of-type{flex-grow:0;flex-shrink:100}.elementor-widget-divider--element-align-left .elementor-divider-separator:before{content:none}.elementor-widget-divider--element-align-left .elementor-divider__element{margin-left:0}.elementor-widget-divider--element-align-right .elementor-divider .elementor-divider-separator>.elementor-divider__svg:last-of-type{flex-grow:0;flex-shrink:100}.elementor-widget-divider--element-align-right .elementor-divider-separator:after{content:none}.elementor-widget-divider--element-align-right .elementor-divider__element{margin-right:0}.elementor-widget-divider:not(.elementor-widget-divider--view-line_text):not(.elementor-widget-divider--view-line_icon) .elementor-divider-separator{border-top:var(--divider-border-width) var(--divider-border-style) var(--divider-color)}.elementor-widget-divider--separator-type-pattern{--divider-border-style:none}.elementor-widget-divider--separator-type-pattern.elementor-widget-divider--view-line .elementor-divider-separator,.elementor-widget-divider--separator-type-pattern:not(.elementor-widget-divider--view-line) .elementor-divider-separator:after,.elementor-widget-divider--separator-type-pattern:not(.elementor-widget-divider--view-line) .elementor-divider-separator:before,.elementor-widget-divider--separator-type-pattern:not([class*=elementor-widget-divider--view]) .elementor-divider-separator{width:100%;min-height:var(--divider-pattern-height);-webkit-mask-size:var(--divider-pattern-size) 100%;mask-size:var(--divider-pattern-size) 100%;-webkit-mask-repeat:var(--divider-pattern-repeat);mask-repeat:var(--divider-pattern-repeat);background-color:var(--divider-color);-webkit-mask-image:var(--divider-pattern-url);mask-image:var(--divider-pattern-url)}.elementor-widget-divider--no-spacing{--divider-pattern-size:auto}.elementor-widget-divider--bg-round{--divider-pattern-repeat:round}.rtl .elementor-widget-divider .elementor-divider__text{direction:rtl}.e-con-inner>.elementor-widget-divider,.e-con>.elementor-widget-divider{width:var(--container-widget-width,100%);--flex-grow:var(--container-widget-flex-grow)}<\/style>\t\t<div class=\"elementor-divider\">\n\t\t\t<span class=\"elementor-divider-separator\">\n\t\t\t\t\t\t<\/span>\n\t\t<\/div>\n\t\t\t\t<\/div>\n\t\t\t\t<\/div>\n\t\t\t\t<div class=\"elementor-element elementor-element-18cc2fa3 elementor-widget elementor-widget-text-editor\" data-id=\"18cc2fa3\" data-element_type=\"widget\" data-widget_type=\"text-editor.default\">\n\t\t\t\t<div class=\"elementor-widget-container\">\n\t\t\t<style>\/*! elementor - v3.18.0 - 20-12-2023 *\/\n.elementor-widget-text-editor.elementor-drop-cap-view-stacked .elementor-drop-cap{background-color:#69727d;color:#fff}.elementor-widget-text-editor.elementor-drop-cap-view-framed .elementor-drop-cap{color:#69727d;border:3px solid;background-color:transparent}.elementor-widget-text-editor:not(.elementor-drop-cap-view-default) .elementor-drop-cap{margin-top:8px}.elementor-widget-text-editor:not(.elementor-drop-cap-view-default) .elementor-drop-cap-letter{width:1em;height:1em}.elementor-widget-text-editor .elementor-drop-cap{float:left;text-align:center;line-height:1;font-size:50px}.elementor-widget-text-editor .elementor-drop-cap-letter{display:inline-block}<\/style>\t\t\t\t<p>Sp\u0119dzaj\u0105c wakacje w Grecji warto spr\u00f3bowa\u0107 wina, kt\u00f3re od wiek\u00f3w jest elementem kultury i nieod\u0142\u0105cznym sk\u0142adnikiem kuchni greckiej. Wina czerwone i bia\u0142e powstaj\u0105 z miejscowych odmian winogron. Dlatego ich aromaty i smaki s\u0105 wyj\u0105tkowe.<\/p><p><br aria-hidden=\"true\" \/>Grecy wytwarzaj\u0105 i pij\u0105 wina od niepami\u0119tnych czas\u00f3w.<br aria-hidden=\"true\" \/>Mity o Dionizosie &#8211; greckim patronie wina, pojawiaj\u0105 si\u0119 w legendach z ka\u017cdej cz\u0119\u015bci Grecji, od r\u00f3wnin Attyki po egejsk\u0105 wysp\u0119 Chios. O winie greckim wspomina ju\u017c ponad 2800 lat temu Homer w swojej Iliadzie i Odysei a artefakty odkryte przez archeolog\u00f3w pokazuj\u0105 nam jego histori\u0119 na przestrzeni wiek\u00f3w.<br aria-hidden=\"true\" \/>Dzisiaj lampka wina jest dope\u0142nieniem obiadu lub kolacji, podnosi smak potraw, towarzyszy wieczornym rozmowom.<br aria-hidden=\"true\" \/>W niezliczonych restauracjach, tawernach, barach Ate\u0144skich mo\u017cemy spr\u00f3bowa\u0107 jedne z tych najsmaczniejszych i najs\u0142ynniejszych win \u015bwiata.<\/p><p><br aria-hidden=\"true\" \/>W niewielkiej odleg\u0142o\u015bci od Aten znajduj\u0105 si\u0119 winiarnie, kt\u00f3re mo\u017cna zwiedzi\u0107. W czasie degustacji mo\u017cna spr\u00f3bowa\u0107 r\u00f3\u017cnorodnych win regionalnych ale\u00a0tak\u017ce ich produkcji, historii regionu, gdzie s\u0105\u00a0uprawiane oraz\u00a0unikalnych cechach poszczeg\u00f3lnych win.<br aria-hidden=\"true\" \/>Oko\u0142o godziny jazdy autem znajduj\u0105 si\u0119 winnice region\u00f3w takich jak Attyka, Nemea czy Koryntia.<br aria-hidden=\"true\" \/>Na p\u00f3\u0142wyspie Attyka mo\u017cemy spr\u00f3bowa\u0107 wina bia\u0142e, r\u00f3\u017cowe i czerwone, wytwarzane na podstawie tradycji ale z wykorzystaniem najnowocze\u015bniejszych technologii. To tutaj narodzi\u0142a si\u0119 si\u0119 tysi\u0105ce lat temu i jest produkowana do dzi\u015b s\u0142ynna retsina &#8211; bia\u0142e wino o posmaku \u017cywicznym. Wino specyficzne, o \u017cywicowym posmaku, dzisiaj bardzo uszlachetnione &#8211; idealne do greckich przystawek &#8211; meze.<br aria-hidden=\"true\" \/>W Nemei, staro\u017cytnej krainie na p\u00f3\u0142nocnym Peloponezie spr\u00f3bujemy przede wszystkim wina szczepu agiorgitiko &#8211; czerwonego i aromatycznego, jak krew lwa kt\u00f3rego zabi\u0142 Herkules w\u0142a\u015bnie tutaj.<br aria-hidden=\"true\" \/>Podr\u00f3\u017ce szlakiem win greckich to nie tylko przygoda ze smakami i aromatami ale te\u017c z zabytkami rozsianymi po wszystkich zak\u0105tkach Grecji i wspania\u0142ymi panoramami .<br aria-hidden=\"true\" \/><br aria-hidden=\"true\" \/><br aria-hidden=\"true\" \/><\/p>\t\t\t\t\t\t<\/div>\n\t\t\t\t<\/div>\n\t\t\t\t\t<\/div>\n\t\t<\/div>\n\t\t\t\t\t\t\t<\/div>\n\t\t<\/section>\n\t\t\t\t\t<\/div>\n\t\t<\/div>\n\t\t\t\t\t\t\t<\/div>\n\t\t<\/section>\n\t\t\t\t\t\t\t<\/div>\n\t\t","protected":false},"excerpt":{"rendered":"<p>Greckie wino Sp\u0119dzaj\u0105c wakacje w Grecji warto spr\u00f3bowa\u0107 wina, kt\u00f3re od wiek\u00f3w jest elementem kultury i nieod\u0142\u0105cznym sk\u0142adnikiem kuchni greckiej. Wina czerwone i bia\u0142e powstaj\u0105 z miejscowych odmian winogron. Dlatego ich aromaty i smaki s\u0105 wyj\u0105tkowe. Grecy wytwarzaj\u0105 i pij\u0105 wina od niepami\u0119tnych czas\u00f3w.Mity o Dionizosie &#8211; greckim patronie wina, pojawiaj\u0105 si\u0119 w legendach z [&hellip;]<\/p>\n","protected":false},"author":1,"featured_media":0,"parent":0,"menu_order":0,"comment_status":"closed","ping_status":"closed","template":"","meta":{"footnotes":""},"class_list":["post-612","page","type-page","status-publish","hentry"],"_links":{"self":[{"href":"https:\/\/przewodnikpoatenach.com\/index.php\/wp-json\/wp\/v2\/pages\/612","targetHints":{"allow":["GET"]}}],"collection":[{"href":"https:\/\/przewodnikpoatenach.com\/index.php\/wp-json\/wp\/v2\/pages"}],"about":[{"href":"https:\/\/przewodnikpoatenach.com\/index.php\/wp-json\/wp\/v2\/types\/page"}],"author":[{"embeddable":true,"href":"https:\/\/przewodnikpoatenach.com\/index.php\/wp-json\/wp\/v2\/users\/1"}],"replies":[{"embeddable":true,"href":"https:\/\/przewodnikpoatenach.com\/index.php\/wp-json\/wp\/v2\/comments?post=612"}],"version-history":[{"count":37,"href":"https:\/\/przewodnikpoatenach.com\/index.php\/wp-json\/wp\/v2\/pages\/612\/revisions"}],"predecessor-version":[{"id":1661,"href":"https:\/\/przewodnikpoatenach.com\/index.php\/wp-json\/wp\/v2\/pages\/612\/revisions\/1661"}],"wp:attachment":[{"href":"https:\/\/przewodnikpoatenach.com\/index.php\/wp-json\/wp\/v2\/media?parent=612"}],"curies":[{"name":"wp","href":"https:\/\/api.w.org\/{rel}","templated":true}]}}